vided by (-3)/(-3)*h + 14.
7
Let u = 442 + -424. Calculate the remainder when u is divided by 3*(1 + 1/(-3)).
0
Let a = 480 - 433. What is the remainder when a is divided by 47?
0
Let h(b) = b**3 + 8*b**2 + 4. Let w be -11*8 + 4/1. Calculate the remainder when (-15)/(-25) + w/(-10) is divided by h(-8).
1
Let j = 452 + -430. Calculate the remainder when 436 is divided by j.
18
Let j(u) = 2*u**2. Suppose 14*l - 44 - 68 = 0. Calculate the remainder when l is divided by j(-1).
0
Suppose -15 - 21 = -4*b. Suppose 3*j - 9 - b = 0. What is the remainder when 27 is divided by j?
3
Suppose -4*a + 12 = -a. Suppose 3 + 13 = a*j. Calculate the remainder when 19 is divided by 40/(-4)*(-2)/j.
4
Suppose -3*b = -2*b + 399. Let d = b + 666. Calculate the remainder when d is divided by 54.
51
Suppose -5*r = 0, -5*i + 2*r = -302 + 217. What is the remainder when 99 is divided by i?
14
What is the remainder when 39 is divided by 12/((-24)/(-6)) - (-1 - 0)?
3
Suppose 9*w - 432 + 0 = 0. Calculate the remainder when 178 is divided by w.
34
Let d(s) = s**3 - 15*s**2 + 29*s - 31. Let l be d(13). Suppose -112 = -6*q + l. Calculate the remainder when q is divided by 11.
9
Let c = 738 + -487. What is the remainder when c is divided by 36?
35
Suppose -2*n + 59 - 47 = 0. What is the remainder when (-26)/4*2*-1 is divided by n?
1
Let f(p) = p + 671. What is the remainder when f(18) is divided by 69?
68
Let w(y) = 19 + 6*y + 3*y - 2*y + y. What is the remainder when w(11) is divided by 36?
35
Let n(s) be the second derivative of s**3/6 + 5*s**2/2 - s. Calculate the remainder when 38 is divided by n(3).
6
Suppose 0 = -5*k - 0*k + 530. Let n be (-3 + 0)/((-3)/(-4)). What is the remainder when k is divided by (-5 - -9)*(-27)/n?
25
Let i(t) be the first derivative of t**3/3 + t**2/2 + 2. Let l(q) = -q**2 - 7*q + 10. What is the remainder when l(-5) is divided by i(-3)?
2
Calculate the remainder when 97 is divided by ((-105)/(-20) - -6) + 1/(-4).
9
What is the remainder when 41/(1 + -5 + 5) is divided by 22?
19
Suppose 0 - 2 = -f. Let h(a) = 2*a**2 - 2*a + 1. Let w be h(f). Suppose -m + w = -1. Calculate the remainder when 10 is divided by m.
4
Suppose 110 = 5*n + 2*d, 2*d = 4*n - 2*d - 60. Let t(l) = -l**3 + 5*l**2 + 2. Let q be t(5). What is the remainder when ((-13)/3)/(q/(-36)) is divided by n?
18
Let p = 27 + 21. Let t = -49 + 56. Calculate the remainder when p is divided by t.
6
Let y(c) = -14*c**2 - 5*c - 5. Let r be y(-2). Let h = r - -77. What is the remainder when h is divided by 10?
6
Suppose -1202*x - 42 = -1209*x. Let z = 43 + -27. Calculate the remainder when z is divided by x.
4
Suppose s + 2*a - 22 = 0, -a - 3 = -3*s + 77. Calculate the remainder when s is divided by 8.
2
Suppose -18 = 4*p + 18. Let n be ((-88)/6)/(6/p). Suppose -b = b - n. What is the remainder when 43 is divided by b?
10
Suppose -5*m = y - 49, 5*y = m + 4*y - 11. Suppose m = 4*a + a, -l - 5 = -5*a. Calculate the remainder when (l/((-5)/(-58)))/1 is divided by 12.
10
Suppose 2*z - 4 = 2. Let x be -3 + 2/2 + 2. Suppose x = l - 0 - 2. Calculate the remainder when z is divided by l.
1
What is the remainder when 284 is divided by -1 - -5 - (-594)/54?
14
Let u be (-1 + 0)/(1 + 0). Let q be ((-16)/56 + (-2)/(-7))/(-1). Calculate the remainder when (-2)/(u + q) + 31 is divided by 18.
15
Let z = -1270 - -1297. What is the remainder when 103 is divided by z?
22
Let s be (30/25)/(2/55) - 3. Suppose -4*q - s = -70. What is the remainder when 15 is divided by q?
5
Suppose -b = 2*p - 7, 4*p + 0*p = -3*b + 19. Let f(v) = 10*v**3 - 2*v**2 + 3*v - 1. Calculate the remainder when 57 is divided by f(p).
7
Let j(w) = -w**2 - 7*w + 5. Let t(y) = -8*y - 4. Calculate the remainder when t(-4) is divided by j(-5).
13
Let a = 78 + -45. What is the remainder when 64 is divided by a?
31
Let p = -32 - -28. What is the remainder when 16 is divided by 1/p - ((-65)/20 - 1)?
0
Suppose 175*h = 176*h + i - 48, 4*h - 177 = i. What is the remainder when 537 is divided by h?
42
Let f = 226 + -206. What is the remainder when 53 is divided by f?
13
Let p(l) = 7*l + 79. Let d be p(-26). Let a = d + 200. What is the remainder when a is divided by 10?
7
Let a(o) = -17*o - 9. Let y be (1 + -6)*6/(-5). Let z be 3/y*(3 + -9). What is the remainder when a(z) is divided by 9?
6
Suppose l = 5*a - 44, 2*a - l - 8 = a. Let t(c) = -4 - 3 - 3*c + 10*c. What is the remainder when t(a) is divided by 19?
18
Suppose 88 = -6*y + 14*y. What is the remainder when 82 is divided by y?
5
Let d(p) = 2*p**2 - 2*p + 5. Let y be d(-5). Let a = -14 + y. What is the remainder when a is divided by 13?
12
Let b = 768 + -731. Let n(w) = w - 13. Let s be n(0). What is the remainder when b is divided by (s/2 + 0)*-2?
11
Let g = 52 + -35. Let w(u) = 32*u - 40. Let t(p) = -11*p + 13. Let c(m) = g*t(m) + 6*w(m). What is the remainder when 60 is divided by c(8)?
18
Let l(i) = 3*i**2 + 1 + 19*i + 1 - 4*i**2. Calculate the remainder when l(15) is divided by 18 - (1 - -1 - 1).
11
Suppose -5*p + 4*d = -43, 2*p + p - 45 = -4*d. Let g be 3/12 - p/(-4). Suppose 0 = g*q - 2*q - 18. Calculate the remainder when 34 is divided by q.
16
Let h be (1/(-3))/((-1)/21). Suppose h*u = 216 + 29. Calculate the remainder when u is divided by 6.
5
Let u(c) = -c**2 - 39*c - 231. Calculate the remainder when 4027 is divided by u(-8).
15
Let d = -22 + 8. Let y = -10 + d. Calculate the remainder when 5 is divided by (-1)/(3*2/y).
1
Suppose 2*d - 44 = 5*x, -4*d - 22*x = -23*x - 88. What is the remainder when d is divided by 19?
3
Let l = 125 - 100. What is the remainder when l is divided by 15?
10
Suppose 2*t - 5450 = 4*z, 4*t - z = 6*t - 5475. Calculate the remainder when t is divided by 119.
117
Let d be (0/4)/(-1 + 3). Let c = -27 - -31. Suppose d = -2*j + q + 50, -q = c*j - 5*q - 104. What is the remainder when j is divided by 13?
11
Let q(g) = 3*g**2 + 70*g - 35. Calculate the remainder when 27 is divided by q(-24).
1
Suppose 0 = 13*a - 7422 + 2391. Calculate the remainder when a is divided by 17.
13
Let c be 427/5*1 - (-16)/(-40). Suppose c = 3*a - 29. Let y(t) = -t**3 - 5*t**2 - 3*t + 5. What is the remainder when a is divided by y(-5)?
18
Let k(w) = -w**2 + 3*w + 3. Let h be k(8). Let r = h - -140. Let d = r - 46. What is the remainder when d is divided by 20?
17
Suppose 4*f - 18 = f. Let y = 252 + -250. What is the remainder when f is divided by y?
0
Suppose -2*u - 107 + 259 = d, 4*d = -4*u + 620. Let p = -139 + d. Calculate the remainder when (-257)/(-7) - 2/(-7) is divided by p.
18
Let y(o) = o**2 + 53*o + 177. Calculate the remainder when y(-52) is divided by 14.
13
Let o = 22 + -14. Suppose f - 42 = -2*f. Let b = f + -1. Calculate the remainder when b is divided by o.
5
Suppose -65*c + 69*c = 844. Calculate the remainder when c is divided by 53.
52
Let l(z) = 10*z + 2. Let a be l(4). Let w = a + -19. What is the remainder when w is divided by 1410/110 - 4/(-22)?
10
Let k be ((-1515)/2)/((-3)/6). Calculate the remainder when (2/(-3))/((-10)/k)*1 is divided by 15.
11
Suppose -126 - 100 = -5*w + 4*y, -y - 183 = -4*w. What is the remainder when w is divided by 26?
20
Suppose 2*q = -j + 11, 1 + 0 = -3*q - 5*j. Suppose q = t + 3*s, 4*s = -t - 4*t + 51. What is the remainder when 76 is divided by t?
10
Let u be (3/2)/(39/104). Let r be 2/8 + (-25)/u. Let f(y) = -y**3 - 6*y**2 - 5*y - 8. Calculate the remainder when f(r) is divided by 5.
2
Let k(g) = -5*g - 22. What is the remainder when (1 - (-82)/8)*8 is divided by k(-7)?
12
Suppose -2*h = 3*z - 1, -3*z + 3 + 1 = -h. Let d(w) = -9*w - 1. Let j be d(h). Suppose -9*f + 43 = -j*f. What is the remainder when f is divided by 15?
13
Let o = 34 - -6. What is the remainder when o is divided by 7 - (12/20 + (-196)/35)?
4
Let h = -9 + 11. Suppose -5*u + 15 = -2*u. Calculate the remainder when u is divided by ((-2)/2)/(h/(-4)).
1
Let f(s) = s**3 - 7*s**2 + 11*s - 3. Let y be f(5). Calculate the remainder when ((-195)/30)/(y/(-40)) is divided by 33.
31
Let f(q) = q**3 + 8*q**2 + 9*q + 7. Let c be f(-7). Let z be 14 + c + (-2 - -1). What is the remainder when 29 is divided by (4/z)/(16/360)?
14
Suppose -c + 2*r = -12, 0 = 4*c + 4*r + 17 - 5. Let d = 11 + -19. Let p = -5 - d. What is the remainder when p is divided by c?
1
Let l = -21 + 20. What is th